{"id":159,"date":"2020-12-11T14:22:14","date_gmt":"2020-12-11T14:22:14","guid":{"rendered":"http:\/\/claro-wattwil.ch\/wp\/?page_id=159"},"modified":"2024-06-20T11:10:43","modified_gmt":"2024-06-20T09:10:43","slug":"home","status":"publish","type":"page","link":"https:\/\/bioplusfair.ch\/","title":{"rendered":""},"content":{"rendered":"\n<img decoding=\"async\" src=\"https:\/\/bioplusfair.ch\/wp-content\/uploads\/2021\/01\/FotoElena2020-1024x422.jpg\">\n\n\n\n<div style=\"height:100px\" aria-hidden=\"true\" class=\"wp-block-spacer\"><\/div>\n\n\n\n<h5 class=\"wp-block-heading\">Die Adresse f\u00fcr Biolebensmittel, Regionale Produkte, Fairtradeprodukte, Vegetarische und Vegane Produkte im Toggenburg<\/h5>\n\n\n\n<p>Erfahren Sie mehr \u00fcber den bio+ fair Laden in Wattwil und das Team. Wir freuen uns, Sie bei uns pers\u00f6nlich begr\u00fcssen zu d\u00fcrfen. Kompetent und freundlich beraten wir Sie gerne ausf\u00fchrlich.<\/p>\n\n\n\n<div style=\"height:39px\" aria-hidden=\"true\" class=\"wp-block-spacer\"><\/div>\n\n\n\n<p><\/p>\n\n\n\n<div style=\"height:100px\" aria-hidden=\"true\" class=\"wp-block-spacer\"><\/div>\n\n\n\n<p><\/p>\n","protected":false},"excerpt":{"rendered":"<p>Die Adresse f\u00fcr Biolebensmittel, Regionale Produkte, Fairtradeprodukte, Vegetarische und Vegane Produkte im Toggenburg Erfahren Sie mehr \u00fcber den bio+ fair Laden in Wattwil und das Team. Wir freuen uns, Sie bei uns pers\u00f6nlich begr\u00fcssen zu d\u00fcrfen. Kompetent und freundlich beraten wir Sie gerne ausf\u00fchrlich.<\/p>\n","protected":false},"author":1,"featured_media":0,"parent":0,"menu_order":0,"comment_status":"closed","ping_status":"closed","template":"","meta":{"footnotes":""},"_links":{"self":[{"href":"https:\/\/bioplusfair.ch\/index.php?rest_route=\/wp\/v2\/pages\/159"}],"collection":[{"href":"https:\/\/bioplusfair.ch\/index.php?rest_route=\/wp\/v2\/pages"}],"about":[{"href":"https:\/\/bioplusfair.ch\/index.php?rest_route=\/wp\/v2\/types\/page"}],"author":[{"embeddable":true,"href":"https:\/\/bioplusfair.ch\/index.php?rest_route=\/wp\/v2\/users\/1"}],"replies":[{"embeddable":true,"href":"https:\/\/bioplusfair.ch\/index.php?rest_route=%2Fwp%2Fv2%2Fcomments&post=159"}],"version-history":[{"count":41,"href":"https:\/\/bioplusfair.ch\/index.php?rest_route=\/wp\/v2\/pages\/159\/revisions"}],"predecessor-version":[{"id":573,"href":"https:\/\/bioplusfair.ch\/index.php?rest_route=\/wp\/v2\/pages\/159\/revisions\/573"}],"wp:attachment":[{"href":"https:\/\/bioplusfair.ch\/index.php?rest_route=%2Fwp%2Fv2%2Fmedia&parent=159"}],"curies":[{"name":"wp","href":"https:\/\/api.w.org\/{rel}","templated":true}]}}

<img decoding="async" src="https://bioplusfair.ch/wp-content/uploads/2021/01/FotoElena2020-1024x422.jpg">



<div style="height:100px" aria-hidden="true" class="wp-block-spacer"></div>



<h5 class="wp-block-heading">Die Adresse für Biolebensmittel, Regionale Produkte, Fairtradeprodukte, Vegetarische und Vegane Produkte im Toggenburg</h5>



<p>Erfahren Sie mehr über den bio+ fair Laden in Wattwil und das Team. Wir freuen uns, Sie bei uns persönlich begrüssen zu dürfen. Kompetent und freundlich beraten wir Sie gerne ausführlich.</p>



<div style="height:39px" aria-hidden="true" class="wp-block-spacer"></div>



<p></p>



<div style="height:100px" aria-hidden="true" class="wp-block-spacer"></div>



<p></p>

<p>Die Adresse für Biolebensmittel, Regionale Produkte, Fairtradeprodukte, Vegetarische und Vegane Produkte im Toggenburg Erfahren Sie mehr über den bio+ fair Laden in Wattwil und das Team. Wir freuen uns, Sie bei uns persönlich begrüssen zu dürfen. Kompetent und freundlich beraten wir Sie gerne ausführlich.</p>
