{"id":21,"date":"2019-10-01T13:43:15","date_gmt":"2019-10-01T13:43:15","guid":{"rendered":"https:\/\/claro-wattwil.ch\/wp\/?page_id=21"},"modified":"2019-10-04T11:35:42","modified_gmt":"2019-10-04T11:35:42","slug":"sortiment","status":"publish","type":"page","link":"https:\/\/bioplusfair.ch\/?page_id=21","title":{"rendered":"Sortiment"},"content":{"rendered":"\n<p>Im Einkauf und im Verkauf sind wir dem Menschen und der Umwelt verpflichtet. Als Fachgesch\u00e4ft f\u00fcr&nbsp;Fair Trade&nbsp;und biologische Produkte stellen wir hohe Anforderungen an unser Sortiment.<\/p>\n\n\n\n<p>Dabei dienen uns die Auflagen der claro fair-trade AG sowie des Bio-Landbaus als Richtlinie.<\/p>\n\n\n\n<p>Links im Menu finden sie ausgew\u00e4hlte Produkte in den aufgef\u00fchrten Kategorien. Wir haben jedoch nicht das ganze Sortiment aufgef\u00fchrt. Wir haben immer ganz spezielle Angebote f\u00fcr Sie in unserem Laden, welche Sie auf der Webseite nicht finden.<\/p>\n\n\n\n<p>Suchen Sie was bestimmtes, dass wir nicht im Sortiment haben? Kein Problem, fragen Sie unser Personal nach einer Sonderbestellung. In vorgegebenen Mindestbestell-Mengen k\u00f6nnen wir f\u00fcr Sie alles bestellen, was Sie w\u00fcnschen.<\/p>\n\n\n\n<p><strong>Wir freuen uns auf Ihren Besuch!!<\/strong><\/p>\n","protected":false},"excerpt":{"rendered":"<p>Im Einkauf und im Verkauf sind wir dem Menschen und der Umwelt verpflichtet. Als Fachgesch\u00e4ft f\u00fcr&nbsp;Fair Trade&nbsp;und biologische Produkte stellen wir hohe Anforderungen an unser Sortiment. Dabei dienen uns die Auflagen der claro fair-trade AG sowie des Bio-Landbaus als Richtlinie. Links im Menu finden sie ausgew\u00e4hlte Produkte in den aufgef\u00fchrten Kategorien. Wir haben jedoch nicht&hellip; <a class=\"more-link\" href=\"https:\/\/bioplusfair.ch\/?page_id=21\"><span class=\"screen-reader-text\">Sortiment<\/span> weiterlesen <span class=\"meta-nav\" aria-hidden=\"true\">&rarr;<\/span><\/a><\/p>\n","protected":false},"author":1,"featured_media":0,"parent":0,"menu_order":0,"comment_status":"closed","ping_status":"closed","template":"","meta":{"footnotes":""},"_links":{"self":[{"href":"https:\/\/bioplusfair.ch\/index.php?rest_route=\/wp\/v2\/pages\/21"}],"collection":[{"href":"https:\/\/bioplusfair.ch\/index.php?rest_route=\/wp\/v2\/pages"}],"about":[{"href":"https:\/\/bioplusfair.ch\/index.php?rest_route=\/wp\/v2\/types\/page"}],"author":[{"embeddable":true,"href":"https:\/\/bioplusfair.ch\/index.php?rest_route=\/wp\/v2\/users\/1"}],"replies":[{"embeddable":true,"href":"https:\/\/bioplusfair.ch\/index.php?rest_route=%2Fwp%2Fv2%2Fcomments&post=21"}],"version-history":[{"count":2,"href":"https:\/\/bioplusfair.ch\/index.php?rest_route=\/wp\/v2\/pages\/21\/revisions"}],"predecessor-version":[{"id":85,"href":"https:\/\/bioplusfair.ch\/index.php?rest_route=\/wp\/v2\/pages\/21\/revisions\/85"}],"wp:attachment":[{"href":"https:\/\/bioplusfair.ch\/index.php?rest_route=%2Fwp%2Fv2%2Fmedia&parent=21"}],"curies":[{"name":"wp","href":"https:\/\/api.w.org\/{rel}","templated":true}]}}

<p>Im Einkauf und im Verkauf sind wir dem Menschen und der Umwelt verpflichtet. Als Fachgeschäft für&nbsp;Fair Trade&nbsp;und biologische Produkte stellen wir hohe Anforderungen an unser Sortiment.</p>



<p>Dabei dienen uns die Auflagen der claro fair-trade AG sowie des Bio-Landbaus als Richtlinie.</p>



<p>Links im Menu finden sie ausgewählte Produkte in den aufgeführten Kategorien. Wir haben jedoch nicht das ganze Sortiment aufgeführt. Wir haben immer ganz spezielle Angebote für Sie in unserem Laden, welche Sie auf der Webseite nicht finden.</p>



<p>Suchen Sie was bestimmtes, dass wir nicht im Sortiment haben? Kein Problem, fragen Sie unser Personal nach einer Sonderbestellung. In vorgegebenen Mindestbestell-Mengen können wir für Sie alles bestellen, was Sie wünschen.</p>



<p><strong>Wir freuen uns auf Ihren Besuch!!</strong></p>

<p>Im Einkauf und im Verkauf sind wir dem Menschen und der Umwelt verpflichtet. Als Fachgeschäft für&nbsp;Fair Trade&nbsp;und biologische Produkte stellen wir hohe Anforderungen an unser Sortiment. Dabei dienen uns die Auflagen der claro fair-trade AG sowie des Bio-Landbaus als Richtlinie. Links im Menu finden sie ausgewählte Produkte in den aufgeführten Kategorien. Wir haben jedoch nicht&hellip; <a class="more-link" href="https://bioplusfair.ch/?page_id=21"><span class="screen-reader-text">Sortiment</span> weiterlesen <span class="meta-nav" aria-hidden="true">&rarr;</span></a></p>
