{"id":23,"date":"2019-10-01T13:44:04","date_gmt":"2019-10-01T13:44:04","guid":{"rendered":"https:\/\/claro-wattwil.ch\/wp\/?page_id=23"},"modified":"2024-01-18T14:09:14","modified_gmt":"2024-01-18T13:09:14","slug":"produzenten","status":"publish","type":"page","link":"https:\/\/bioplusfair.ch\/?page_id=23","title":{"rendered":"Produzenten"},"content":{"rendered":"\n<p>Seit jeher betrachten wir es als unser grosses Anliegen, Ihnen Produkte von Bio-Produzenten- und -Lieferanten aus der n\u00e4heren und weiteren Region anzubieten. Mit den meisten besteht eine langj\u00e4hrige, enge Zusammenarbeit, die auf Vertrauen und Offenheit basiert:<\/p>\n\n\n\n<figure class=\"wp-block-image size-medium\"><img loading=\"lazy\" decoding=\"async\" width=\"266\" height=\"300\" src=\"https:\/\/bioplusfair.ch\/wp\/wp-content\/uploads\/2020\/12\/20201212_122745V1-266x300.jpg\" alt=\"\" class=\"wp-image-210\" srcset=\"https:\/\/bioplusfair.ch\/wp-content\/uploads\/2020\/12\/20201212_122745V1-266x300.jpg 266w, https:\/\/bioplusfair.ch\/wp-content\/uploads\/2020\/12\/20201212_122745V1-908x1024.jpg 908w, https:\/\/bioplusfair.ch\/wp-content\/uploads\/2020\/12\/20201212_122745V1-768x866.jpg 768w, https:\/\/bioplusfair.ch\/wp-content\/uploads\/2020\/12\/20201212_122745V1-1361x1536.jpg 1361w, https:\/\/bioplusfair.ch\/wp-content\/uploads\/2020\/12\/20201212_122745V1-1815x2048.jpg 1815w\" sizes=\"(max-width: 266px) 100vw, 266px\" \/><\/figure>\n\n\n\n<p><strong>Gem\u00fcse und Obst:<\/strong><\/p>\n\n\n\n<ul><li>Matthias Rhis und Regula Bachhofner, Zell<\/li><\/ul>\n\n\n\n<ul><li>Robert Ineichen, G. Punkt, Wila<\/li><\/ul>\n\n\n\n<ul><li>Ernst Zuberb\u00fchler, Degersheim<\/li><\/ul>\n\n\n\n<ul><li>Gregor und Karin Lehner, Lehners-Biohof, Rorschacherberg<\/li><\/ul>\n\n\n\n<ul><li>Annelies Keller, Mosnang<\/li><\/ul>\n\n\n\n<p><strong>Tee- und Gew\u00fcrz-Kr\u00e4uter:<\/strong><\/p>\n\n\n\n<ul><li>Toggenburger Kr\u00e4uterfrauen, Wintersberg, Ebnat-Kappel<\/li><\/ul>\n\n\n\n<p><strong>Milchprodukte:<\/strong><\/p>\n\n\n\n<ul><li>K\u00e4serei Stofel AG, Thomas und Marianne Stadelmann, Unterwasser<\/li><\/ul>\n\n\n\n<ul><li>Knauss, Unterwasser<\/li><\/ul>\n\n\n\n<p><strong>Fleisch:<\/strong><\/p>\n\n\n\n<ul><li>Andr\u00e9as und Anita Schmid, Nesslau<\/li><\/ul>\n\n\n\n<p><strong>Brot und Geb\u00e4ck<\/strong><\/p>\n\n\n\n<ul><li>Lehmann Holzofenbeck AG in Lanterswil (TG)<\/li><\/ul>\n\n\n\n<ul><li>Feinb\u00e4ckerei Guggenloch AG, Au SG<\/li><\/ul>\n\n\n\n<p><strong>Reformprodukte<\/strong><\/p>\n\n\n\n<ul><li>Morga AG, Ebnat-Kappel<\/li><\/ul>\n\n\n\n<p><strong>Wein:<\/strong><\/p>\n\n\n\n<ul><li>Romanin Weine AG, St. Gallen, Bioweine<\/li><\/ul>\n\n\n\n<p><strong>Honig<\/strong><strong>:<\/strong><\/p>\n\n\n\n<ul><li>Gilles Aranda, Nesslau<\/li><\/ul>\n","protected":false},"excerpt":{"rendered":"<p>Seit jeher betrachten wir es als unser grosses Anliegen, Ihnen Produkte von Bio-Produzenten- und -Lieferanten aus der n\u00e4heren und weiteren Region anzubieten. Mit den meisten besteht eine langj\u00e4hrige, enge Zusammenarbeit, die auf Vertrauen und Offenheit basiert: Gem\u00fcse und Obst: Matthias Rhis und Regula Bachhofner, Zell Robert Ineichen, G. Punkt, Wila Ernst Zuberb\u00fchler, Degersheim Gregor und&hellip; <a class=\"more-link\" href=\"https:\/\/bioplusfair.ch\/?page_id=23\"><span class=\"screen-reader-text\">Produzenten<\/span> weiterlesen <span class=\"meta-nav\" aria-hidden=\"true\">&rarr;<\/span><\/a><\/p>\n","protected":false},"author":1,"featured_media":0,"parent":0,"menu_order":0,"comment_status":"closed","ping_status":"closed","template":"","meta":{"footnotes":""},"_links":{"self":[{"href":"https:\/\/bioplusfair.ch\/index.php?rest_route=\/wp\/v2\/pages\/23"}],"collection":[{"href":"https:\/\/bioplusfair.ch\/index.php?rest_route=\/wp\/v2\/pages"}],"about":[{"href":"https:\/\/bioplusfair.ch\/index.php?rest_route=\/wp\/v2\/types\/page"}],"author":[{"embeddable":true,"href":"https:\/\/bioplusfair.ch\/index.php?rest_route=\/wp\/v2\/users\/1"}],"replies":[{"embeddable":true,"href":"https:\/\/bioplusfair.ch\/index.php?rest_route=%2Fwp%2Fv2%2Fcomments&post=23"}],"version-history":[{"count":10,"href":"https:\/\/bioplusfair.ch\/index.php?rest_route=\/wp\/v2\/pages\/23\/revisions"}],"predecessor-version":[{"id":513,"href":"https:\/\/bioplusfair.ch\/index.php?rest_route=\/wp\/v2\/pages\/23\/revisions\/513"}],"wp:attachment":[{"href":"https:\/\/bioplusfair.ch\/index.php?rest_route=%2Fwp%2Fv2%2Fmedia&parent=23"}],"curies":[{"name":"wp","href":"https:\/\/api.w.org\/{rel}","templated":true}]}}

<p>Seit jeher betrachten wir es als unser grosses Anliegen, Ihnen Produkte von Bio-Produzenten- und -Lieferanten aus der näheren und weiteren Region anzubieten. Mit den meisten besteht eine langjährige, enge Zusammenarbeit, die auf Vertrauen und Offenheit basiert:</p>



<figure class="wp-block-image size-medium"><img loading="lazy" decoding="async" width="266" height="300" src="https://bioplusfair.ch/wp/wp-content/uploads/2020/12/20201212_122745V1-266x300.jpg" alt="" class="wp-image-210" srcset="https://bioplusfair.ch/wp-content/uploads/2020/12/20201212_122745V1-266x300.jpg 266w, https://bioplusfair.ch/wp-content/uploads/2020/12/20201212_122745V1-908x1024.jpg 908w, https://bioplusfair.ch/wp-content/uploads/2020/12/20201212_122745V1-768x866.jpg 768w, https://bioplusfair.ch/wp-content/uploads/2020/12/20201212_122745V1-1361x1536.jpg 1361w, https://bioplusfair.ch/wp-content/uploads/2020/12/20201212_122745V1-1815x2048.jpg 1815w" sizes="(max-width: 266px) 100vw, 266px" /></figure>



<p><strong>Gemüse und Obst:</strong></p>



<ul><li>Matthias Rhis und Regula Bachhofner, Zell</li></ul>



<ul><li>Robert Ineichen, G. Punkt, Wila</li></ul>



<ul><li>Ernst Zuberbühler, Degersheim</li></ul>



<ul><li>Gregor und Karin Lehner, Lehners-Biohof, Rorschacherberg</li></ul>



<ul><li>Annelies Keller, Mosnang</li></ul>



<p><strong>Tee- und Gewürz-Kräuter:</strong></p>



<ul><li>Toggenburger Kräuterfrauen, Wintersberg, Ebnat-Kappel</li></ul>



<p><strong>Milchprodukte:</strong></p>



<ul><li>Käserei Stofel AG, Thomas und Marianne Stadelmann, Unterwasser</li></ul>



<ul><li>Knauss, Unterwasser</li></ul>



<p><strong>Fleisch:</strong></p>



<ul><li>Andréas und Anita Schmid, Nesslau</li></ul>



<p><strong>Brot und Gebäck</strong></p>



<ul><li>Lehmann Holzofenbeck AG in Lanterswil (TG)</li></ul>



<ul><li>Feinbäckerei Guggenloch AG, Au SG</li></ul>



<p><strong>Reformprodukte</strong></p>



<ul><li>Morga AG, Ebnat-Kappel</li></ul>



<p><strong>Wein:</strong></p>



<ul><li>Romanin Weine AG, St. Gallen, Bioweine</li></ul>



<p><strong>Honig</strong><strong>:</strong></p>



<ul><li>Gilles Aranda, Nesslau</li></ul>

<p>Seit jeher betrachten wir es als unser grosses Anliegen, Ihnen Produkte von Bio-Produzenten- und -Lieferanten aus der näheren und weiteren Region anzubieten. Mit den meisten besteht eine langjährige, enge Zusammenarbeit, die auf Vertrauen und Offenheit basiert: Gemüse und Obst: Matthias Rhis und Regula Bachhofner, Zell Robert Ineichen, G. Punkt, Wila Ernst Zuberbühler, Degersheim Gregor und&hellip; <a class="more-link" href="https://bioplusfair.ch/?page_id=23"><span class="screen-reader-text">Produzenten</span> weiterlesen <span class="meta-nav" aria-hidden="true">&rarr;</span></a></p>
