{"id":40,"date":"2019-10-04T08:23:16","date_gmt":"2019-10-04T08:23:16","guid":{"rendered":"https:\/\/claro-wattwil.ch\/wp\/?page_id=40"},"modified":"2019-10-04T11:01:29","modified_gmt":"2019-10-04T11:01:29","slug":"ueber-uns","status":"publish","type":"page","link":"https:\/\/bioplusfair.ch\/?page_id=40","title":{"rendered":"\u00dcber uns"},"content":{"rendered":"\n<h5 class=\"wp-block-heading\">Die Adresse f\u00fcr Biolebensmittel, Regionale Produkte, Fairtradeprodukte, Vegetarische und Vegane Produkte im Toggenburg<\/h5>\n\n\n\n<p>Erfahren Sie mehr \u00fcber den bio+ fair Laden in Wattwil und das Team. Wir freuen uns, Sie bei uns pers\u00f6nlich begr\u00fcssen zu d\u00fcrfen. Kompetent und freundlich beraten wir Sie gerne ausf\u00fchrlich.<\/p>\n\n\n\n<table class=\"wp-block-table\"><tbody><tr><td><strong>Montag<\/strong><\/td><td>morgen geschlossen<\/td><td>14:00 &#8211; 18:30 Uhr<\/td><\/tr><tr><td><strong>Dienstag &#8211; Freitag<\/strong><\/td><td>09:00 &#8211; 12:00 Uhr<\/td><td>14:00 &#8211; 18:30 Uhr<\/td><\/tr><tr><td><strong>Samstag<\/strong><\/td><td>durchgehend ge\u00f6ffnet<\/td><td>09:00 &#8211; 16:00 Uhr<\/td><\/tr><\/tbody><\/table>\n","protected":false},"excerpt":{"rendered":"<p>Die Adresse f\u00fcr Biolebensmittel, Regionale Produkte, Fairtradeprodukte, Vegetarische und Vegane Produkte im Toggenburg Erfahren Sie mehr \u00fcber den bio+ fair Laden in Wattwil und das Team. Wir freuen uns, Sie bei uns pers\u00f6nlich begr\u00fcssen zu d\u00fcrfen. Kompetent und freundlich beraten wir Sie gerne ausf\u00fchrlich. Montag morgen geschlossen 14:00 &#8211; 18:30 Uhr Dienstag &#8211; Freitag 09:00&hellip; <a class=\"more-link\" href=\"https:\/\/bioplusfair.ch\/?page_id=40\"><span class=\"screen-reader-text\">\u00dcber uns<\/span> weiterlesen <span class=\"meta-nav\" aria-hidden=\"true\">&rarr;<\/span><\/a><\/p>\n","protected":false},"author":1,"featured_media":0,"parent":0,"menu_order":0,"comment_status":"closed","ping_status":"closed","template":"","meta":{"footnotes":""},"_links":{"self":[{"href":"https:\/\/bioplusfair.ch\/index.php?rest_route=\/wp\/v2\/pages\/40"}],"collection":[{"href":"https:\/\/bioplusfair.ch\/index.php?rest_route=\/wp\/v2\/pages"}],"about":[{"href":"https:\/\/bioplusfair.ch\/index.php?rest_route=\/wp\/v2\/types\/page"}],"author":[{"embeddable":true,"href":"https:\/\/bioplusfair.ch\/index.php?rest_route=\/wp\/v2\/users\/1"}],"replies":[{"embeddable":true,"href":"https:\/\/bioplusfair.ch\/index.php?rest_route=%2Fwp%2Fv2%2Fcomments&post=40"}],"version-history":[{"count":6,"href":"https:\/\/bioplusfair.ch\/index.php?rest_route=\/wp\/v2\/pages\/40\/revisions"}],"predecessor-version":[{"id":70,"href":"https:\/\/bioplusfair.ch\/index.php?rest_route=\/wp\/v2\/pages\/40\/revisions\/70"}],"wp:attachment":[{"href":"https:\/\/bioplusfair.ch\/index.php?rest_route=%2Fwp%2Fv2%2Fmedia&parent=40"}],"curies":[{"name":"wp","href":"https:\/\/api.w.org\/{rel}","templated":true}]}}

Über uns

<h5 class="wp-block-heading">Die Adresse für Biolebensmittel, Regionale Produkte, Fairtradeprodukte, Vegetarische und Vegane Produkte im Toggenburg</h5>



<p>Erfahren Sie mehr über den bio+ fair Laden in Wattwil und das Team. Wir freuen uns, Sie bei uns persönlich begrüssen zu dürfen. Kompetent und freundlich beraten wir Sie gerne ausführlich.</p>



<table class="wp-block-table"><tbody><tr><td><strong>Montag</strong></td><td>morgen geschlossen</td><td>14:00 &#8211; 18:30 Uhr</td></tr><tr><td><strong>Dienstag &#8211; Freitag</strong></td><td>09:00 &#8211; 12:00 Uhr</td><td>14:00 &#8211; 18:30 Uhr</td></tr><tr><td><strong>Samstag</strong></td><td>durchgehend geöffnet</td><td>09:00 &#8211; 16:00 Uhr</td></tr></tbody></table>

<p>Die Adresse für Biolebensmittel, Regionale Produkte, Fairtradeprodukte, Vegetarische und Vegane Produkte im Toggenburg Erfahren Sie mehr über den bio+ fair Laden in Wattwil und das Team. Wir freuen uns, Sie bei uns persönlich begrüssen zu dürfen. Kompetent und freundlich beraten wir Sie gerne ausführlich. Montag morgen geschlossen 14:00 &#8211; 18:30 Uhr Dienstag &#8211; Freitag 09:00&hellip; <a class="more-link" href="https://bioplusfair.ch/?page_id=40"><span class="screen-reader-text">Über uns</span> weiterlesen <span class="meta-nav" aria-hidden="true">&rarr;</span></a></p>
